{"id":499,"date":"2025-10-11T22:02:21","date_gmt":"2025-10-11T20:02:21","guid":{"rendered":"https:\/\/korkipopolsku.pl\/?page_id=499"},"modified":"2025-10-27T16:58:02","modified_gmt":"2025-10-27T15:58:02","slug":"o-nas","status":"publish","type":"page","link":"https:\/\/korkipopolsku.pl\/?page_id=499","title":{"rendered":"O nas"},"content":{"rendered":"\t\t<div data-elementor-type=\"wp-page\" data-elementor-id=\"499\" class=\"elementor elementor-499\">\n\t\t\t\t<div class=\"aux-parallax-section elementor-element elementor-element-c0cf01c e-flex e-con-boxed wpr-particle-no wpr-jarallax-no wpr-parallax-no wpr-sticky-section-no e-con e-parent\" data-id=\"c0cf01c\" data-element_type=\"container\">\n\t\t\t\t\t<div class=\"e-con-inner\">\n\t\t\t\t<div class=\"elementor-element elementor-element-f6ff587 elementor-widget__width-initial elementor-widget elementor-widget-text-editor\" data-id=\"f6ff587\" data-element_type=\"widget\" data-widget_type=\"text-editor.default\">\n\t\t\t\t\t\t\t\t\t<p data-start=\"336\" data-end=\"769\">Jeste\u015bmy zgranym zespo\u0142em do\u015bwiadczonych nauczycieli, kt\u00f3rych \u0142\u0105czy wsp\u00f3lna pasja \u2013 tworzenie edukacji nowoczesnej, skutecznej i naprawd\u0119\u00a0 \u00a0 \u00a0 \u00a0 \u00a0 anga\u017cuj\u0105cej. Wierzymy, \u017ce ka\u017cdy ucze\u0144 jest wyj\u0105tkowy, dlatego w centrum naszego podej\u015bcia zawsze stoi <strong data-start=\"576\" data-end=\"604\">indywidualne dopasowanie<\/strong> metod i tempa nauki do potrzeb konkretnej osoby. Naszym celem jest nie tylko przekazywanie wiedzy, ale te\u017c budowanie motywacji, pewno\u015bci siebie i rado\u015bci z nauki.<\/p><p data-start=\"771\" data-end=\"1300\">Nasz\u0105 g\u0142\u00f3wn\u0105 platform\u0105 pracy jest <strong data-start=\"805\" data-end=\"816\">Discord<\/strong>, kt\u00f3ry przekszta\u0142cili\u015bmy w nowoczesne, interaktywne \u015brodowisko edukacyjne. To w\u0142a\u015bnie tam powsta\u0142y nasze cyfrowe klasy \u2013 starannie zaprojektowane serwery pe\u0142ne materia\u0142\u00f3w, narz\u0119dzi i zasob\u00f3w wspieraj\u0105cych nauk\u0119. Ka\u017cdy ucze\u0144, kt\u00f3ry do\u0142\u0105cza do naszej spo\u0142eczno\u015bci, otrzymuje <strong data-start=\"1090\" data-end=\"1119\">swoj\u0105 prywatn\u0105 przestrze\u0144<\/strong>: kana\u0142y z pracami domowymi, notatkami, miejscem na konsultacje i spotkania z nauczycielem. Dzi\u0119ki temu nauka przebiega w spos\u00f3b uporz\u0105dkowany, komfortowy i maksymalnie efektywny.<\/p><p data-start=\"1302\" data-end=\"1579\">Od ponad <strong data-start=\"1311\" data-end=\"1325\">trzech lat<\/strong> pomagamy uczniom rozwija\u0107 skrzyd\u0142a i osi\u0105ga\u0107 cele edukacyjne. Zyskali\u015bmy zaufanie <strong data-start=\"1408\" data-end=\"1427\">tysi\u0119cy uczni\u00f3w<\/strong>, co potwierdza nasz zesp\u00f3\u0142 licz\u0105cy <strong data-start=\"1463\" data-end=\"1502\">ponad 50 kompetentnych nauczycieli<\/strong> oraz <strong data-start=\"1508\" data-end=\"1541\">ponad 2000 pozytywnych opinii<\/strong> od zadowolonych uczni\u00f3w i rodzic\u00f3w.<\/p><p data-start=\"1581\" data-end=\"1783\">\u00a0<\/p>\t\t\t\t\t\t\t\t<\/div>\n\t\t\t\t\t<\/div>\n\t\t\t\t<\/div>\n\t\t<div class=\"aux-parallax-section elementor-element elementor-element-5260a2f e-flex e-con-boxed wpr-particle-no wpr-jarallax-no wpr-parallax-no wpr-sticky-section-no e-con e-parent\" data-id=\"5260a2f\" data-element_type=\"container\">\n\t\t\t\t\t<div class=\"e-con-inner\">\n\t\t\t\t<div class=\"elementor-element elementor-element-4ff6af6 elementor-widget__width-initial elementor-widget elementor-widget-image\" data-id=\"4ff6af6\" data-element_type=\"widget\" data-widget_type=\"image.default\">\n\t\t\t\t\t\t\t\t\t\t\t\t\t\t\t<img decoding=\"async\" src=\"https:\/\/korkipopolsku.pl\/wp-content\/uploads\/2025\/10\/Projekt-bez-nazwy-13-scaled.png\" title=\"Projekt bez nazwy (13)\" alt=\"Projekt bez nazwy (13)\" loading=\"lazy\" \/>\t\t\t\t\t\t\t\t\t\t\t\t\t\t\t<\/div>\n\t\t\t\t\t<\/div>\n\t\t\t\t<\/div>\n\t\t\t\t<\/div>\n\t\t","protected":false},"excerpt":{"rendered":"<p>Jeste\u015bmy zgranym zespo\u0142em do\u015bwiadczonych nauczycieli, kt\u00f3rych \u0142\u0105czy wsp\u00f3lna pasja \u2013 tworzenie edukacji nowoczesnej, skutecznej i naprawd\u0119\u00a0 \u00a0 \u00a0 \u00a0 \u00a0 anga\u017cuj\u0105cej. Wierzymy, \u017ce ka\u017cdy ucze\u0144 jest wyj\u0105tkowy, dlatego w centrum naszego podej\u015bcia zawsze stoi indywidualne dopasowanie metod i tempa nauki do potrzeb konkretnej osoby. Naszym celem jest nie tylko przekazywanie wiedzy, ale te\u017c budowanie motywacji, pewno\u015bci siebie i rado\u015bci z nauki. Nasz\u0105 g\u0142\u00f3wn\u0105 platform\u0105 pracy jest Discord, kt\u00f3ry przekszta\u0142cili\u015bmy w nowoczesne, interaktywne \u015brodowisko edukacyjne. To w\u0142a\u015bnie tam powsta\u0142y nasze cyfrowe klasy \u2013 starannie zaprojektowane serwery pe\u0142ne materia\u0142\u00f3w, narz\u0119dzi i zasob\u00f3w wspieraj\u0105cych nauk\u0119. Ka\u017cdy ucze\u0144, kt\u00f3ry do\u0142\u0105cza do naszej spo\u0142eczno\u015bci, otrzymuje swoj\u0105 prywatn\u0105 przestrze\u0144: kana\u0142y z pracami domowymi, notatkami, miejscem na konsultacje i spotkania z nauczycielem. Dzi\u0119ki temu nauka przebiega w spos\u00f3b uporz\u0105dkowany, komfortowy i maksymalnie efektywny. Od ponad trzech lat pomagamy uczniom rozwija\u0107 skrzyd\u0142a i osi\u0105ga\u0107 cele edukacyjne. Zyskali\u015bmy zaufanie tysi\u0119cy uczni\u00f3w, co potwierdza nasz zesp\u00f3\u0142 licz\u0105cy ponad 50 kompetentnych nauczycieli oraz ponad 2000 pozytywnych opinii od zadowolonych uczni\u00f3w i rodzic\u00f3w. \u00a0<\/p>\n","protected":false},"author":1,"featured_media":0,"parent":0,"menu_order":0,"comment_status":"closed","ping_status":"closed","template":"","meta":{"footnotes":""},"class_list":["post-499","page","type-page","status-publish","hentry"],"_links":{"self":[{"href":"https:\/\/korkipopolsku.pl\/index.php?rest_route=\/wp\/v2\/pages\/499","targetHints":{"allow":["GET"]}}],"collection":[{"href":"https:\/\/korkipopolsku.pl\/index.php?rest_route=\/wp\/v2\/pages"}],"about":[{"href":"https:\/\/korkipopolsku.pl\/index.php?rest_route=\/wp\/v2\/types\/page"}],"author":[{"embeddable":true,"href":"https:\/\/korkipopolsku.pl\/index.php?rest_route=\/wp\/v2\/users\/1"}],"replies":[{"embeddable":true,"href":"https:\/\/korkipopolsku.pl\/index.php?rest_route=%2Fwp%2Fv2%2Fcomments&post=499"}],"version-history":[{"count":10,"href":"https:\/\/korkipopolsku.pl\/index.php?rest_route=\/wp\/v2\/pages\/499\/revisions"}],"predecessor-version":[{"id":855,"href":"https:\/\/korkipopolsku.pl\/index.php?rest_route=\/wp\/v2\/pages\/499\/revisions\/855"}],"wp:attachment":[{"href":"https:\/\/korkipopolsku.pl\/index.php?rest_route=%2Fwp%2Fv2%2Fmedia&parent=499"}],"curies":[{"name":"wp","href":"https:\/\/api.w.org\/{rel}","templated":true}]}}